*q + 2. Let a be i(-4). Suppose -a*u - 3*l - 5 = 0, -2*u + l + 13 = -2*l. Is 4 a factor of u/(6/33) - 1?
False
Let a = -38 + 71. Is 5 a factor of a?
False
Let g(l) = -l. Let b be g(-3). Suppose 3*d - 56 = 4*s, -d + s = -b - 14. Does 12 divide d?
True
Let n = 3 + 0. Let z = n + 2. Is 5 a factor of z?
True
Suppose l - 9 = 9. Let y = l + -14. Is y even?
True
Let b = 78 + -43. Suppose -2*x = 4*c + 102, -4*c - 111 = 6*x - x. Let g = c + b. Is 11 a factor of g?
True
Let r(o) = -3*o**2 + o + 1. Let j be r(-1). Does 12 divide j - (-31 - -2 - 0)?
False
Suppose 8*d - 76 = 4*d. Does 9 divide d?
False
Suppose 5*b + 0*b = -15. Let k = 5 - b. Is k a multiple of 4?
True
Does 36 divide -2 - ((-190)/5 - 0)?
True
Let w(d) = d**2 - 3*d + 1. Let y be w(1). Is (3/y + -9)*-1 a multiple of 6?
True
Suppose 0 = -3*s + 274 + 26. Is 25 a factor of s?
True
Suppose i = -2*w + 3*w - 45, 3*w - 2*i - 132 = 0. Is w a multiple of 36?
False
Suppose -a + 61 = 3. Is 11 a factor of a?
False
Suppose 8 - 23 = 5*m. Is 5 a factor of (1 + m)*(-15)/2?
True
Let y(i) be the second derivative of i**5/20 + i**4/2 - 7*i**3/6 + i**2 + i. Let w be y(-7). Is (-74)/(-8) + w/(-8) a multiple of 3?
True
Let y(u) be the second derivative of -7*u**6/720 - u**4/12 + u. Let p(x) be the third derivative of y(x). Is p(-5) a multiple of 15?
False
Suppose -3 = 3*v - 9. Let j(w) = -7 + 4*w + w**3 + 0*w + 0 - 4*w**v + w. Is j(5) a multiple of 12?
False
Let r = 3 + 1. Suppose -2*k + 18 = 3*d, r*d - k - 24 = k. Is d a multiple of 2?
True
Let t = -4 - -7. Suppose 3*s = -6, -o + 2 = 2*s - t. Is o a multiple of 9?
True
Let i = 17 - 17. Let m(l) = l**3 + l**2 - l + 3. Does 3 divide m(i)?
True
Suppose 3*r = -5*t + 698, -t + 2*r + 134 = 4*r. Is 34 a factor of t?
False
Suppose -4*q + 55 = 3*g + 175, -5*g - 30 = q. Is 4 a factor of q/(-20) - 37/(-2)?
True
Let y = 152 - 9. Is y a multiple of 37?
False
Let f be 1/2 + 86/4. Let s be 4/f + 31/11. Let q(l) = l**2 + 2*l + 3. Does 9 divide q(s)?
True
Suppose 3*z - 43 = 2*z. Suppose -2*u + 127 = 3*g, -g - 4*u = -3*u - z. Is 14 a factor of g?
False
Suppose 2*o - 10 = 18. Is o a multiple of 14?
True
Is ((-88)/(-28) - (-2)/(-14)) + 63 a multiple of 22?
True
Suppose 7 + 2 = p. Is 3 a factor of p?
True
Let j(w) = -15*w + 1. Let r be j(2). Let m = -67 - r. Is 3 a factor of (-4)/(-14) - m/14?
True
Let g = -163 + 304. Is 11 a factor of g?
False
Let k = 33 + 45. Is 23 a factor of k?
False
Suppose 114 = 2*n + n. Let t = n - 10. Suppose q + 0*q = t. Does 13 divide q?
False
Let h(t) = -29*t**2 - 1. Let z be h(1). Let q = z + 17. Let u = -8 - q. Does 2 divide u?
False
Let h(y) = 3*y - 3. Let c be h(4). Suppose 2*g = s + c, -4*s = 2*g - 3*s - 19. Is 5 a factor of g?
False
Let z = 3 + 0. Suppose 0 = z*x + 60. Let m = x + 36. Is m a multiple of 8?
True
Let n = -46 - -83. Let v = -14 + n. Let t = v - -4. Does 11 divide t?
False
Let s(r) = 3*r**3 - 14*r**2 + 3*r - 18. Let i(b) = 2*b**3 - 13*b**2 + 2*b - 17. Let q(y) = -4*i(y) + 3*s(y). Is q(-10) even?
True
Let n(h) be the third derivative of 1/12*h**4 - h**2 + 0 - 5/3*h**3 + 0*h. Is 4 a factor of n(7)?
True
Suppose 0 = -4*y + 5*j + 89 + 23, y - 5*j - 13 = 0. Let f = 59 - y. Is f a multiple of 7?
False
Let u = -41 - -80. Does 19 divide u?
False
Let l(c) = c**3 + 12*c**2 + 12*c + 11. Let y be l(-11). Suppose 5*x + 5*s = 75, -2*s + 5*s = 15. Let d = x + y. Is d a multiple of 5?
True
Let c be (-1)/(-2)*(-2 - -2). Suppose 0 = -w - c*w + 3. Suppose -42 = w*x - 6*x. Is 7 a factor of x?
True
Let f(h) = 43*h**2 - 4*h - 2. Is 9 a factor of f(-1)?
True
Let i(j) = j**2 + 9*j + 2. Let v be i(-9). Let u be 4 - v - 2 - -4. Suppose 4*h = -u*z + 66 + 58, z + 3 = 0. Does 15 divide h?
False
Let o = 3 - -1. Suppose o*m - 32 - 96 = 0. Is m a multiple of 16?
True
Let q(v) be the third derivative of v**4/4 - 2*v**3/3 - 2*v**2. Is q(5) a multiple of 21?
False
Suppose m - 32 = 12. Does 11 divide m?
True
Suppose -428 = -2*h + 108. Does 20 divide h?
False
Suppose -5*l + 0*l + 120 = 0. Does 8 divide l?
True
Suppose 0 = c - 4*v - 18, 3*c + 0*c + 2 = -2*v. Suppose 4*z - 4*g = 3*z + 3, -2*z + 6 = -c*g. Suppose -z*b + 30 = -9. Is b a multiple of 13?
True
Let q(s) = 3*s + 2. Let y be q(2). Suppose 3 = -4*v - 5*z - 7, -4*z = 4*v + y. Suppose 2*p - c - 63 = v, 3*p + 3*c - 105 = c. Does 12 divide p?
False
Suppose 4*c + 35 - 119 = 0. Is c a multiple of 7?
True
Let o(a) = 2*a**3 + 2*a**2 + 2*a - 2. Is o(2) a multiple of 9?
False
Let q be (-1500)/(-8) - (-1)/(-2). Let l = q + -119. Suppose o - l = -o. Is o a multiple of 17?
True
Suppose 5*c + 2*j = -88, -3*c + 3*j + 0*j - 57 = 0. Let h = 32 + c. Is 6 a factor of 1*h - (-2 + -1)?
False
Let r = -58 - -186. Suppose -4*a + 140 = -z, 6*z = -3*a + z + r. Is 24 a factor of a?
False
Let g = -8 - -23. Is 5 a factor of g?
True
Let j(m) = m**2 + m**2 + m - 1 + m**2 + 5*m**2. Is j(1) a multiple of 8?
True
Is 7 a factor of 0 + (0 - -3*16)?
False
Let y(p) = -14*p. Let a(z) = -13*z - 1. Let o(m) = 2*a(m) - 3*y(m). Let b(n) = -31*n + 5. Let h(q) = -4*b(q) - 7*o(q). Does 21 divide h(4)?
True
Suppose o + 0 = 3. Let z be (0 + -1)/((-4)/8). Suppose -3*v = o, l - 6*l = -z*v - 27. Does 5 divide l?
True
Suppose -1 = -3*g + 5. Suppose -g*f - 4 = -4*f. Suppose -f*s + 7*s = 35. Does 3 divide s?
False
Suppose -4*r - 24 + 72 = 0. Is r a multiple of 4?
True
Let l = 14 - 5. Let x = l - -9. Does 3 divide ((-2)/3)/((-2)/x)?
True
Let i = -14 - -19. Is i a multiple of 3?
False
Let n be (-4)/6 + (-74)/(-3). Let w(m) = 6*m**2 - 2*m - 1. Let k be w(-1). Let h = n - k. Is 17 a factor of h?
True
Suppose -4*u = -3*u - 4. Let a = -2 + u. Suppose a*b = -5*l + 47, 5*b = -2*l - 16 + 39. Is 9 a factor of l?
True
Suppose -3*i = 2 + 10. Does 7 divide (39/6)/(i/(-8))?
False
Let t = 108 + -75. Is 10 a factor of t?
False
Suppose -c + 3*n = -110, 2*n + 41 + 359 = 4*c. Suppose 8*f - 3*f = -2*v + 43, 4*v - c = 2*f. Does 12 divide v?
True
Let o = 37 - -133. Does 17 divide o?
True
Does 24 divide (4 + -4)/(-1) + 96?
True
Let b be 48 - (3 - (2 + 0)). Suppose 2*r + 3*u = 4 - 3, -14 = -5*r + 4*u. Suppose c = 3*x - b, -3*c = -r*x - 0*c + 43. Does 6 divide x?
False
Let z(c) = -24*c + 1. Suppose -3*u + 6 = -0*u. Suppose m = u*m + 2. Is 18 a factor of z(m)?
False
Let w(y) = -4 + 5*y - 3*y - 2. Let u be w(5). Suppose u*q = 82 - 2. Is q a multiple of 9?
False
Suppose 86 = -6*g + 566. Is 12 a factor of g?
False
Is (-80)/3*(-1 - 124/20) a multiple of 32?
True
Is (10/8)/(((-95)/300)/(-19)) a multiple of 7?
False
Let m(b) = -b**2 - 2*b - 5. Let p be m(-6). Let i = 0 - p. Is 10 a factor of i?
False
Let d be 24/132 - (-4)/(-22). Suppose -2*p = x - 49, -4*p - 5*x + d*x = -95. Does 10 divide p?
False
Let d(i) = -i**2 + i + 1. Let r be d(3). Let k = -5 - r. Suppose 3*b + 19 = 3*c + 2*b, 4*c - 5*b - 18 = k. Is 4 a factor of c?
False
Let f(n) = 6*n + 12. Does 8 divide f(5)?
False
Let c = -273 - -441. Does 24 divide c?
True
Let w(s) = 3*s**3 - 2*s**2 - s - 2. Does 12 divide w(2)?
True
Let c be 2 - 1 - (-356)/2. Suppose -3*r = 2*b - c, 5*b - 141 = -5*r + 159. Does 15 divide r?
False
Let y = -3 + 5. Suppose o - t - t = -y, -t - 8 = -5*o. Suppose a - 2*h + 6*h - 22 = 0, o*h = a - 16. Is a a multiple of 9?
True
Is (54/45)/(2/150) - 0 a multiple of 30?
True
Suppose w + 21 - 41 = 0. Does 20 divide w?
True
Let u(k) = -12*k - 10. Let a be u(-6). Suppose 4*w - 89 = 3*o, 2*o + a = 4*w - 32. Does 12 divide w?
False
Is (-824)/(-6) + (-1 - (-6)/9) a multiple of 30?
False
Is 5 a factor of ((-42)/9 + 4)*6 + 23?
False
Suppose 3*u - 3*z - 61 = 2*u, 5*u + z - 273 = 0. Does 9 divide u?
False
Suppose -390 = -5*k + j, k + 5*j - 44 = 34. Does 20 divide k?
False
Let i(y) = y - 5. Let s be i(5). Suppose -d + 19 = -4*w, -2*d + s*d + 4*w = -30. Does 11 divide d?
True
Suppose -7*d + 2*d + 80 = -2*g, 5*d - 4*g = 70. Does 6 divide d?
True
Suppose 5*o - 4*d = -131, o - 65 = 4*o + d. Let k = 24 + -37. Let h = k - o. Is 6 a factor of h?
False
Suppose -4*p + 409 = -d + 44, -p - 3*d + 101 = 0. Is p a multiple of 26?
False
Suppose -3*i - 79 = 152. Let s = i - -108. Suppose -2*f + s = -f. Does 13 divide f?
False
Suppose -3*y + 2*r + 18 = -y, -3 = -2*y - 3*r. Suppose 4*d - 2*b + 84 = y, d + 21 = b. Is 6 a factor of (d - 0)/(-3) + 0?
True
Suppose 7*d = 11*d - 216. Suppose -s - r + 30 = 0, 0*s + 2*s = -5*r + d. Is 19 a factor of s?
False
Le